{"id":1781,"date":"2026-03-16T10:56:50","date_gmt":"2026-03-16T10:56:50","guid":{"rendered":"https:\/\/www.natuurlijkekappers.be\/?post_type=natuurlijke-kapsalon&#038;p=1781"},"modified":"2026-03-26T15:52:03","modified_gmt":"2026-03-26T15:52:03","slug":"ferme-de-bien-etre-sakura","status":"publish","type":"natuurlijke-kapsalon","link":"https:\/\/www.natuurlijkekappers.be\/fr\/natuurlijke-kapsalon\/sakura-wellnessfarm\/","title":{"rendered":"Ferme de bien-\u00eatre Sakura"},"content":{"rendered":"<p>Sakura Wellnessfarm est un studio de coiffure et de bien-\u00eatre \u00e0 Maarkedal, situ\u00e9 dans un endroit unique \u00e0 la campagne, loin de l'agitation.<\/p>\n<h3>Soins capillaires naturels<\/h3>\n<ul>\n<li><strong>Renforcement naturel<\/strong> \u2013 legt een beschermend laagje rond het haar, waardoor het voller, sterker en vitaler aanvoelt.<\/li>\n<li><strong>Soins des cheveux et du cuir chevelu<\/strong> - Aide \u00e0 maintenir les cheveux et le cuir chevelu en bon \u00e9tat et procure une sensation de confort.<\/li>\n<li><strong>Brillance et texture<\/strong> - Adoucit les cuticules des cheveux, donne une belle brillance, r\u00e9duit les frisottis et rend les cheveux boucl\u00e9s plus faciles \u00e0 coiffer.<\/li>\n<li><strong>Formule douce<\/strong> - sans ammoniaque, sans peroxyde et sans PPD et donc un choix doux pour ceux qui choisissent consciemment des soins naturels.<\/li>\n<li><strong>Couverture grise<\/strong> - une fa\u00e7on naturelle de camoufler optiquement les cheveux gris sans les alourdir.<\/li>\n<li><strong>Effet d'entraide<\/strong> - convient \u00e0 ceux qui veulent combiner couleur et soin, mais aussi \u00e0 ceux qui s'int\u00e9ressent avant tout aux propri\u00e9t\u00e9s soignantes.<\/li>\n<\/ul>\n<h3>Prise de rendez-vous<\/h3>\n<ul>\n<li>Envoyez votre demande et votre heure pr\u00e9f\u00e9r\u00e9e par e-mail \u00e0 <a href=\"mailto:castelnancy@gmail.com\">castelnancy@gmail.com<\/a>.<\/li>\n<li>Consultez les prix ici : <a href=\"https:\/\/sakurawellnessfarm.mytreatwell.be\/services.html\" target=\"_blank\" rel=\"noopener\">https:\/\/sakurawellnessfarm.mytreatwell.be\/services.html<\/a><\/li>\n<li>Combinez votre visite chez le coiffeur avec une th\u00e9rapie de bien-\u00eatre et d\u00e9tendez-vous compl\u00e8tement dans une oasis de verdure.<\/li>\n<li>Parking gratuit.<\/li>\n<\/ul>\n<h3>Coloration naturelle des cheveux<\/h3>\n<ul>\n<li>Coloration des cheveux ou soins intensifs avec des rem\u00e8des naturels.<\/li>\n<li>Les teintures \u00e0 base de plantes adh\u00e8rent \u00e0 l'ext\u00e9rieur du cheveu et sont souvent choisies par les personnes soucieuses de soigner leurs cheveux.<\/li>\n<li>Ils s'adaptent \u00e0 la couleur des cheveux et les colorent sans perdre de vue leur aspect naturel.<\/li>\n<li>Les cheveux sont non seulement color\u00e9s mais aussi soign\u00e9s pendant le traitement.<\/li>\n<li>Si vous \u00eates int\u00e9ress\u00e9, veuillez envoyer un courriel \u00e0 <a href=\"mailto:castelnancy@gmail.com\">castelnancy@gmail.com<\/a>.<\/li>\n<\/ul>\n<h3>L'\u00e9quipe<\/h3>\n<p>Une \u00e9quipe exp\u00e9riment\u00e9e avec de nombreuses ann\u00e9es d'exp\u00e9rience.<\/p>\n<h3>Ce que nous aimons<\/h3>\n<p><strong>Atmosph\u00e8re :<\/strong> Ambiance zen japonaise<\/p>\n<ul>\n<li><strong>Sp\u00e9cialis\u00e9 dans :<\/strong> Shiatsu et soins naturels des cheveux et de la peau.<\/li>\n<li><strong>Marques et produits utilis\u00e9s :<\/strong> les produits naturels.<\/li>\n<li><strong>Extras :<\/strong> Bien-\u00eatre capillaire, yoga, pilates et rituels de spa japonais, y compris le sauna dans la nature.<\/li>\n<\/ul>\n<p>Au plaisir de vous revoir bient\u00f4t.<br \/>\nJe vous prie d'agr\u00e9er, Madame, Monsieur, l'expression de mes salutations distingu\u00e9es,<br \/>\nFerme de bien-\u00eatre Sakura<\/p>\n<h2>Anglais<\/h2>\n<p><strong>Egalement \u00e0 votre service en anglais !<\/strong><\/p>\n<p>Sakura Wellnessfarm est un studio de yoga et de massage situ\u00e9 \u00e0 Maarkedal.<\/p>\n<h3>L'\u00e9quipe<\/h3>\n<p>Une \u00e9quipe exp\u00e9riment\u00e9e avec de nombreuses ann\u00e9es d'exp\u00e9rience.<\/p>\n<h3>\u00c0 propos du salon<\/h3>\n<ul>\n<li><strong>Atmosph\u00e8re :<\/strong> Ambiance zen japonaise.<\/li>\n<li><strong>Sp\u00e9cialis\u00e9 dans :<\/strong> Shiatsu.<\/li>\n<li><strong>Produits utilis\u00e9s :<\/strong> les produits naturels.<\/li>\n<li><strong>Extras :<\/strong> Yoga, Pilates et rituels de spa japonais, y compris le sauna dans la nature.<\/li>\n<\/ul>\n<h3>Lignes directrices<\/h3>\n<ul>\n<li>Nos traitements sont r\u00e9serv\u00e9s aux femmes. Les s\u00e9ances de yoga sont ouvertes \u00e0 tous.<\/li>\n<li>Veuillez porter des v\u00eatements confortables, sans bijoux ni maquillage, et venir \u00e0 jeun.<\/li>\n<li>Le salon est situ\u00e9 dans une ferme et est accessible en voiture. Un parking est disponible derri\u00e8re le chalet priv\u00e9.<\/li>\n<li>Les escaliers sur le mur lat\u00e9ral vous m\u00e8neront \u00e0 la ferme de bien-\u00eatre.<\/li>\n<\/ul>\n<p>Nous nous r\u00e9jouissons de vous voir bient\u00f4t.<\/p>\n<p>Je vous prie d'agr\u00e9er, Madame, Monsieur, l'expression de mes salutations distingu\u00e9es,<br \/>\nFerme de bien-\u00eatre Sakura<\/p>","protected":false},"featured_media":1782,"template":"","categories":[36,33,34,35,29],"tags":[],"class_list":["post-1781","natuurlijke-kapsalon","type-natuurlijke-kapsalon","status-publish","has-post-thumbnail","hentry","category-provincie-henegouwen-hn","category-provincie-oost-vlaanderen-ov","category-provincie-vlaams-brabant-vb","category-provincie-west-vlaanderen-wv","category-uitgelicht"],"acf":[],"_links":{"self":[{"href":"https:\/\/www.natuurlijkekappers.be\/fr\/wp-json\/wp\/v2\/natuurlijke-kapsalon\/1781","targetHints":{"allow":["GET"]}}],"collection":[{"href":"https:\/\/www.natuurlijkekappers.be\/fr\/wp-json\/wp\/v2\/natuurlijke-kapsalon"}],"about":[{"href":"https:\/\/www.natuurlijkekappers.be\/fr\/wp-json\/wp\/v2\/types\/natuurlijke-kapsalon"}],"wp:featuredmedia":[{"embeddable":true,"href":"https:\/\/www.natuurlijkekappers.be\/fr\/wp-json\/wp\/v2\/media\/1782"}],"wp:attachment":[{"href":"https:\/\/www.natuurlijkekappers.be\/fr\/wp-json\/wp\/v2\/media?parent=1781"}],"wp:term":[{"taxonomy":"category","embeddable":true,"href":"https:\/\/www.natuurlijkekappers.be\/fr\/wp-json\/wp\/v2\/categories?post=1781"},{"taxonomy":"post_tag","embeddable":true,"href":"https:\/\/www.natuurlijkekappers.be\/fr\/wp-json\/wp\/v2\/tags?post=1781"}],"curies":[{"name":"wp","href":"https:\/\/api.w.org\/{rel}","templated":true}]}}

Ferme de bien-être Sakura

<p>Sakura Wellnessfarm est un studio de coiffure et de bien-être à Maarkedal, situé dans un endroit unique à la campagne, loin de l'agitation.</p>
<h3>Soins capillaires naturels</h3>
<ul>
<li><strong>Renforcement naturel</strong> – legt een beschermend laagje rond het haar, waardoor het voller, sterker en vitaler aanvoelt.</li>
<li><strong>Soins des cheveux et du cuir chevelu</strong> - Aide à maintenir les cheveux et le cuir chevelu en bon état et procure une sensation de confort.</li>
<li><strong>Brillance et texture</strong> - Adoucit les cuticules des cheveux, donne une belle brillance, réduit les frisottis et rend les cheveux bouclés plus faciles à coiffer.</li>
<li><strong>Formule douce</strong> - sans ammoniaque, sans peroxyde et sans PPD et donc un choix doux pour ceux qui choisissent consciemment des soins naturels.</li>
<li><strong>Couverture grise</strong> - une façon naturelle de camoufler optiquement les cheveux gris sans les alourdir.</li>
<li><strong>Effet d'entraide</strong> - convient à ceux qui veulent combiner couleur et soin, mais aussi à ceux qui s'intéressent avant tout aux propriétés soignantes.</li>
</ul>
<h3>Prise de rendez-vous</h3>
<ul>
<li>Envoyez votre demande et votre heure préférée par e-mail à <a href="mailto:castelnancy@gmail.com">castelnancy@gmail.com</a>.</li>
<li>Consultez les prix ici : <a href="https://sakurawellnessfarm.mytreatwell.be/services.html" target="_blank" rel="noopener">https://sakurawellnessfarm.mytreatwell.be/services.html</a></li>
<li>Combinez votre visite chez le coiffeur avec une thérapie de bien-être et détendez-vous complètement dans une oasis de verdure.</li>
<li>Parking gratuit.</li>
</ul>
<h3>Coloration naturelle des cheveux</h3>
<ul>
<li>Coloration des cheveux ou soins intensifs avec des remèdes naturels.</li>
<li>Les teintures à base de plantes adhèrent à l'extérieur du cheveu et sont souvent choisies par les personnes soucieuses de soigner leurs cheveux.</li>
<li>Ils s'adaptent à la couleur des cheveux et les colorent sans perdre de vue leur aspect naturel.</li>
<li>Les cheveux sont non seulement colorés mais aussi soignés pendant le traitement.</li>
<li>Si vous êtes intéressé, veuillez envoyer un courriel à <a href="mailto:castelnancy@gmail.com">castelnancy@gmail.com</a>.</li>
</ul>
<h3>L'équipe</h3>
<p>Une équipe expérimentée avec de nombreuses années d'expérience.</p>
<h3>Ce que nous aimons</h3>
<p><strong>Atmosphère :</strong> Ambiance zen japonaise</p>
<ul>
<li><strong>Spécialisé dans :</strong> Shiatsu et soins naturels des cheveux et de la peau.</li>
<li><strong>Marques et produits utilisés :</strong> les produits naturels.</li>
<li><strong>Extras :</strong> Bien-être capillaire, yoga, pilates et rituels de spa japonais, y compris le sauna dans la nature.</li>
</ul>
<p>Au plaisir de vous revoir bientôt.<br />
Je vous prie d'agréer, Madame, Monsieur, l'expression de mes salutations distinguées,<br />
Ferme de bien-être Sakura</p>
<h2>Anglais</h2>
<p><strong>Egalement à votre service en anglais !</strong></p>
<p>Sakura Wellnessfarm est un studio de yoga et de massage situé à Maarkedal.</p>
<h3>L'équipe</h3>
<p>Une équipe expérimentée avec de nombreuses années d'expérience.</p>
<h3>À propos du salon</h3>
<ul>
<li><strong>Atmosphère :</strong> Ambiance zen japonaise.</li>
<li><strong>Spécialisé dans :</strong> Shiatsu.</li>
<li><strong>Produits utilisés :</strong> les produits naturels.</li>
<li><strong>Extras :</strong> Yoga, Pilates et rituels de spa japonais, y compris le sauna dans la nature.</li>
</ul>
<h3>Lignes directrices</h3>
<ul>
<li>Nos traitements sont réservés aux femmes. Les séances de yoga sont ouvertes à tous.</li>
<li>Veuillez porter des vêtements confortables, sans bijoux ni maquillage, et venir à jeun.</li>
<li>Le salon est situé dans une ferme et est accessible en voiture. Un parking est disponible derrière le chalet privé.</li>
<li>Les escaliers sur le mur latéral vous mèneront à la ferme de bien-être.</li>
</ul>
<p>Nous nous réjouissons de vous voir bientôt.</p>
<p>Je vous prie d'agréer, Madame, Monsieur, l'expression de mes salutations distinguées,<br />
Ferme de bien-être Sakura</p>
