{"id":1718,"date":"2025-05-27T10:58:06","date_gmt":"2025-05-27T10:58:06","guid":{"rendered":"https:\/\/www.natuurlijkekappers.be\/?post_type=natuurlijke-kapsalon&#038;p=1718"},"modified":"2025-05-27T10:58:06","modified_gmt":"2025-05-27T10:58:06","slug":"salon-vert","status":"publish","type":"natuurlijke-kapsalon","link":"https:\/\/www.natuurlijkekappers.be\/fr\/natuurlijke-kapsalon\/salon-vert\/","title":{"rendered":"Salon Vert"},"content":{"rendered":"<p>Notre objectif est, d'une part, que le produit fonctionne de mani\u00e8re optimale et, d'autre part, qu'il soit le plus pur possible. Nous avons d\u00e9taill\u00e9 chaque ingr\u00e9dient de notre gamme avec le site de r\u00e9f\u00e9rence www.laveritesurlescosmetiques.com. Prenez le temps d'analyser vos produits quotidiens sur ce site. Vous serez surpris.<br \/>\nUn concept belge 100% bas\u00e9 sur des produits \u00e0 base de plantes et plus encore<br \/>\nsp\u00e9cifiquement des huiles essentielles dont nous pensons qu'elles ont un impact fantastique sur les cheveux et le cuir chevelu.<br \/>\nle cuir chevelu !<\/p>\n<p>Nos produits sont autant que possible d'origine v\u00e9g\u00e9tale, m\u00eame si nous devons parfois utiliser des ingr\u00e9dients moins naturels qui sont essentiels au d\u00e9veloppement de notre gamme. <\/p>","protected":false},"featured_media":1719,"template":"","categories":[40],"tags":[],"class_list":["post-1718","natuurlijke-kapsalon","type-natuurlijke-kapsalon","status-publish","has-post-thumbnail","hentry","category-provincie-waals-brabant-wb"],"acf":[],"_links":{"self":[{"href":"https:\/\/www.natuurlijkekappers.be\/fr\/wp-json\/wp\/v2\/natuurlijke-kapsalon\/1718","targetHints":{"allow":["GET"]}}],"collection":[{"href":"https:\/\/www.natuurlijkekappers.be\/fr\/wp-json\/wp\/v2\/natuurlijke-kapsalon"}],"about":[{"href":"https:\/\/www.natuurlijkekappers.be\/fr\/wp-json\/wp\/v2\/types\/natuurlijke-kapsalon"}],"wp:featuredmedia":[{"embeddable":true,"href":"https:\/\/www.natuurlijkekappers.be\/fr\/wp-json\/wp\/v2\/media\/1719"}],"wp:attachment":[{"href":"https:\/\/www.natuurlijkekappers.be\/fr\/wp-json\/wp\/v2\/media?parent=1718"}],"wp:term":[{"taxonomy":"category","embeddable":true,"href":"https:\/\/www.natuurlijkekappers.be\/fr\/wp-json\/wp\/v2\/categories?post=1718"},{"taxonomy":"post_tag","embeddable":true,"href":"https:\/\/www.natuurlijkekappers.be\/fr\/wp-json\/wp\/v2\/tags?post=1718"}],"curies":[{"name":"wp","href":"https:\/\/api.w.org\/{rel}","templated":true}]}}

<p>Notre objectif est, d'une part, que le produit fonctionne de manière optimale et, d'autre part, qu'il soit le plus pur possible. Nous avons détaillé chaque ingrédient de notre gamme avec le site de référence www.laveritesurlescosmetiques.com. Prenez le temps d'analyser vos produits quotidiens sur ce site. Vous serez surpris.<br />
Un concept belge 100% basé sur des produits à base de plantes et plus encore<br />
spécifiquement des huiles essentielles dont nous pensons qu'elles ont un impact fantastique sur les cheveux et le cuir chevelu.<br />
le cuir chevelu !</p>
<p>Nos produits sont autant que possible d'origine végétale, même si nous devons parfois utiliser des ingrédients moins naturels qui sont essentiels au développement de notre gamme. </p>
