{"id":1714,"date":"2025-05-27T09:37:25","date_gmt":"2025-05-27T09:37:25","guid":{"rendered":"https:\/\/www.natuurlijkekappers.be\/?post_type=natuurlijke-kapsalon&#038;p=1714"},"modified":"2025-05-27T09:37:25","modified_gmt":"2025-05-27T09:37:25","slug":"olas-organic-hairdresser","status":"publish","type":"natuurlijke-kapsalon","link":"https:\/\/www.natuurlijkekappers.be\/fr\/natuurlijke-kapsalon\/olas-biokapper\/","title":{"rendered":"Biohairdresseur Olas"},"content":{"rendered":"<p>D\u00e9couvrez la beaut\u00e9 naturelle dans un environnement serein chez Olas, le coiffeur bio de Gand. Optez pour une coupe de cheveux relaxante sans produits chimiques.<\/p>\n<p>Bonjour, je suis Jaline et bienvenue chez Olas, votre coiffeur bio \u00e0 Gand !<br \/>\nChez OLAS, les soins capillaires ne se limitent pas \u00e0 vos cheveux. C'est une question de douceur. Pour votre corps, pour la terre et surtout pour vous.<\/p>\n<p>Nos clients choisissent en toute connaissance de cause : pas de produits chimiques, de pr\u00e9cipitation ou de stress, mais de l'attention, de la beaut\u00e9 et de la simplicit\u00e9.<\/p>\n<p>D\u00e9couvrez nos sp\u00e9cialit\u00e9s en mati\u00e8re de couleurs v\u00e9g\u00e9tales, de boucles, de cheveux raides, de m\u00e8ches et de balayage.<\/p>","protected":false},"featured_media":1715,"template":"","categories":[33],"tags":[],"class_list":["post-1714","natuurlijke-kapsalon","type-natuurlijke-kapsalon","status-publish","has-post-thumbnail","hentry","category-provincie-oost-vlaanderen-ov"],"acf":[],"_links":{"self":[{"href":"https:\/\/www.natuurlijkekappers.be\/fr\/wp-json\/wp\/v2\/natuurlijke-kapsalon\/1714","targetHints":{"allow":["GET"]}}],"collection":[{"href":"https:\/\/www.natuurlijkekappers.be\/fr\/wp-json\/wp\/v2\/natuurlijke-kapsalon"}],"about":[{"href":"https:\/\/www.natuurlijkekappers.be\/fr\/wp-json\/wp\/v2\/types\/natuurlijke-kapsalon"}],"wp:featuredmedia":[{"embeddable":true,"href":"https:\/\/www.natuurlijkekappers.be\/fr\/wp-json\/wp\/v2\/media\/1715"}],"wp:attachment":[{"href":"https:\/\/www.natuurlijkekappers.be\/fr\/wp-json\/wp\/v2\/media?parent=1714"}],"wp:term":[{"taxonomy":"category","embeddable":true,"href":"https:\/\/www.natuurlijkekappers.be\/fr\/wp-json\/wp\/v2\/categories?post=1714"},{"taxonomy":"post_tag","embeddable":true,"href":"https:\/\/www.natuurlijkekappers.be\/fr\/wp-json\/wp\/v2\/tags?post=1714"}],"curies":[{"name":"wp","href":"https:\/\/api.w.org\/{rel}","templated":true}]}}

<p>Découvrez la beauté naturelle dans un environnement serein chez Olas, le coiffeur bio de Gand. Optez pour une coupe de cheveux relaxante sans produits chimiques.</p>
<p>Bonjour, je suis Jaline et bienvenue chez Olas, votre coiffeur bio à Gand !<br />
Chez OLAS, les soins capillaires ne se limitent pas à vos cheveux. C'est une question de douceur. Pour votre corps, pour la terre et surtout pour vous.</p>
<p>Nos clients choisissent en toute connaissance de cause : pas de produits chimiques, de précipitation ou de stress, mais de l'attention, de la beauté et de la simplicité.</p>
<p>Découvrez nos spécialités en matière de couleurs végétales, de boucles, de cheveux raides, de mèches et de balayage.</p>
