{"id":1708,"date":"2025-05-27T09:22:46","date_gmt":"2025-05-27T09:22:46","guid":{"rendered":"https:\/\/www.natuurlijkekappers.be\/?post_type=natuurlijke-kapsalon&#038;p=1708"},"modified":"2025-05-27T09:22:46","modified_gmt":"2025-05-27T09:22:46","slug":"metamorphose-au-naturel","status":"publish","type":"natuurlijke-kapsalon","link":"https:\/\/www.natuurlijkekappers.be\/fr\/natuurlijke-kapsalon\/metamorphose-au-naturel\/","title":{"rendered":"M\u00e9tamorphose au Naturel"},"content":{"rendered":"<p>Faites du bien \u00e0 votre corps pour que votre \u00e2me ait envie d'y rester<br \/>\nBien que la coupe de cheveux soit un passage oblig\u00e9, j'aime transformer ce moment en un instant de calme. En effet, nous roulons toujours trop vite partout. En cela, je prends mon temps, vous profitez de l'ici et maintenant, une tasse de th\u00e9 dans une main, un livre spirituel ou un roman qui fait du bien dans l'autre. Et pour vous aider \u00e0 vous d\u00e9tendre, je vous montre les bienfaits du magn\u00e9tisme lorsque vous vous lavez les cheveux. Quand on se sent bien, on se sent beau.<\/p>","protected":false},"featured_media":1709,"template":"","categories":[38],"tags":[],"class_list":["post-1708","natuurlijke-kapsalon","type-natuurlijke-kapsalon","status-publish","has-post-thumbnail","hentry","category-provincie-luxemburg-lx"],"acf":[],"_links":{"self":[{"href":"https:\/\/www.natuurlijkekappers.be\/fr\/wp-json\/wp\/v2\/natuurlijke-kapsalon\/1708","targetHints":{"allow":["GET"]}}],"collection":[{"href":"https:\/\/www.natuurlijkekappers.be\/fr\/wp-json\/wp\/v2\/natuurlijke-kapsalon"}],"about":[{"href":"https:\/\/www.natuurlijkekappers.be\/fr\/wp-json\/wp\/v2\/types\/natuurlijke-kapsalon"}],"wp:featuredmedia":[{"embeddable":true,"href":"https:\/\/www.natuurlijkekappers.be\/fr\/wp-json\/wp\/v2\/media\/1709"}],"wp:attachment":[{"href":"https:\/\/www.natuurlijkekappers.be\/fr\/wp-json\/wp\/v2\/media?parent=1708"}],"wp:term":[{"taxonomy":"category","embeddable":true,"href":"https:\/\/www.natuurlijkekappers.be\/fr\/wp-json\/wp\/v2\/categories?post=1708"},{"taxonomy":"post_tag","embeddable":true,"href":"https:\/\/www.natuurlijkekappers.be\/fr\/wp-json\/wp\/v2\/tags?post=1708"}],"curies":[{"name":"wp","href":"https:\/\/api.w.org\/{rel}","templated":true}]}}

Métamorphose au Naturel

<p>Faites du bien à votre corps pour que votre âme ait envie d'y rester<br />
Bien que la coupe de cheveux soit un passage obligé, j'aime transformer ce moment en un instant de calme. En effet, nous roulons toujours trop vite partout. En cela, je prends mon temps, vous profitez de l'ici et maintenant, une tasse de thé dans une main, un livre spirituel ou un roman qui fait du bien dans l'autre. Et pour vous aider à vous détendre, je vous montre les bienfaits du magnétisme lorsque vous vous lavez les cheveux. Quand on se sent bien, on se sent beau.</p>
