{"id":1691,"date":"2025-05-26T17:29:44","date_gmt":"2025-05-26T17:29:44","guid":{"rendered":"https:\/\/www.natuurlijkekappers.be\/?post_type=natuurlijke-kapsalon&#038;p=1691"},"modified":"2025-05-26T17:29:44","modified_gmt":"2025-05-26T17:29:44","slug":"coiffeuse-naturelle-wendy","status":"publish","type":"natuurlijke-kapsalon","link":"https:\/\/www.natuurlijkekappers.be\/fr\/natuurlijke-kapsalon\/natuurkapster-wendy\/","title":{"rendered":"Coiffeur nature Wendy"},"content":{"rendered":"<p>Bonjour, je suis Wendy<\/p>\n<p>et je vous souhaite la bienvenue dans mon salon de coiffure naturelle \u00e0 Zwijndrecht (situ\u00e9 entre Anvers et la Flandre orientale).<br \/>\nJe suis sp\u00e9cialis\u00e9e dans la coloration v\u00e9g\u00e9tale et n'utilise que des produits naturels qui favorisent la sant\u00e9 de vos cheveux et de votre peau.<br \/>\nGr\u00e2ce \u00e0 des huiles v\u00e9g\u00e9tales personnalis\u00e9es. Nourrissez et restaurez vos cheveux et votre cuir chevelu.<\/p>\n<p>Avec 20 ans d'exp\u00e9rience, je veux continuer \u00e0 progresser et suivre r\u00e9guli\u00e8rement des cours de recyclage.<br \/>\nAu salon de coiffure, vous pouvez toujours compter sur une approche personnalis\u00e9e, dans un environnement sans incitation o\u00f9 le calme et la d\u00e9tente sont essentiels.<br \/>\nIl est important pour moi que vous puissiez vous d\u00e9tendre et savourer une bonne tasse de caf\u00e9 ou de th\u00e9.<\/p>\n<p>Mais surtout, ne manquez pas le merveilleux massage de la t\u00eate !<\/p>","protected":false},"featured_media":1692,"template":"","categories":[31],"tags":[],"class_list":["post-1691","natuurlijke-kapsalon","type-natuurlijke-kapsalon","status-publish","has-post-thumbnail","hentry","category-provincie-antwerpen-an"],"acf":[],"_links":{"self":[{"href":"https:\/\/www.natuurlijkekappers.be\/fr\/wp-json\/wp\/v2\/natuurlijke-kapsalon\/1691","targetHints":{"allow":["GET"]}}],"collection":[{"href":"https:\/\/www.natuurlijkekappers.be\/fr\/wp-json\/wp\/v2\/natuurlijke-kapsalon"}],"about":[{"href":"https:\/\/www.natuurlijkekappers.be\/fr\/wp-json\/wp\/v2\/types\/natuurlijke-kapsalon"}],"wp:featuredmedia":[{"embeddable":true,"href":"https:\/\/www.natuurlijkekappers.be\/fr\/wp-json\/wp\/v2\/media\/1692"}],"wp:attachment":[{"href":"https:\/\/www.natuurlijkekappers.be\/fr\/wp-json\/wp\/v2\/media?parent=1691"}],"wp:term":[{"taxonomy":"category","embeddable":true,"href":"https:\/\/www.natuurlijkekappers.be\/fr\/wp-json\/wp\/v2\/categories?post=1691"},{"taxonomy":"post_tag","embeddable":true,"href":"https:\/\/www.natuurlijkekappers.be\/fr\/wp-json\/wp\/v2\/tags?post=1691"}],"curies":[{"name":"wp","href":"https:\/\/api.w.org\/{rel}","templated":true}]}}

<p>Bonjour, je suis Wendy</p>
<p>et je vous souhaite la bienvenue dans mon salon de coiffure naturelle à Zwijndrecht (situé entre Anvers et la Flandre orientale).<br />
Je suis spécialisée dans la coloration végétale et n'utilise que des produits naturels qui favorisent la santé de vos cheveux et de votre peau.<br />
Grâce à des huiles végétales personnalisées. Nourrissez et restaurez vos cheveux et votre cuir chevelu.</p>
<p>Avec 20 ans d'expérience, je veux continuer à progresser et suivre régulièrement des cours de recyclage.<br />
Au salon de coiffure, vous pouvez toujours compter sur une approche personnalisée, dans un environnement sans incitation où le calme et la détente sont essentiels.<br />
Il est important pour moi que vous puissiez vous détendre et savourer une bonne tasse de café ou de thé.</p>
<p>Mais surtout, ne manquez pas le merveilleux massage de la tête !</p>
